
False
Is 7488515141 a prime number?
True
Is 1043340047 a composite number?
True
Is 1786534289 composite?
True
Is 423194603 prime?
False
Is 10227388261 a prime number?
True
Is 31264766173 a composite number?
False
Is 6141887813 a composite number?
True
Is 7847909221 a composite number?
False
Is 416825869 composite?
True
Is 153394521887 prime?
False
Is 341184889 prime?
True
Is 5374079489 prime?
True
Is 30583214229 prime?
False
Is 3721100603 composite?
True
Is 1351281229 composite?
False
Is 51461532119 composite?
False
Is 68194261 composite?
True
Is 548902253 a prime number?
True
Is 26872005851 a composite number?
True
Is 31065181363 a composite number?
False
Is 3359496469 a prime number?
False
Is 11878397 prime?
False
Is 6498051095 prime?
False
Is 71658683 a composite number?
True
Is 83299657717 a composite number?
True
Is 919331313 a composite number?
True
Is 12832607 prime?
True
Is 350662259 a prime number?
True
Is 565398071 composite?
True
Is 3151243373 a composite number?
True
Is 133059169 a composite number?
False
Is 8993278639 a prime number?
True
Is 1183540529 a composite number?
True
Is 662017007 composite?
False
Is 20016409865 composite?
True
Is 70734709349 a prime number?
True
Is 132828551 prime?
True
Is 1148421761 prime?
False
Is 3235543853 a prime number?
False
Is 2328463 prime?
True
Is 203943532651 composite?
False
Is 4275268981 prime?
False
Is 147214729 composite?
False
Is 13702662949 a prime number?
False
Is 373072867 a composite number?
True
Is 1503977269 a composite number?
True
Is 1174183069 composite?
True
Is 122322207229 composite?
True
Is 5362629949 prime?
True
Is 6920693027 a composite number?
True
Is 1606196399 a composite number?
True
Is 10480848751 a prime number?
True
Is 28842653803 a composite number?
False
Is 1097597131 prime?
False
Is 329641673 composite?
True
Is 83194339 composite?
False
Is 50237944003 a prime number?
False
Is 3663051827 prime?
True
Is 81666680173 a composite number?
True
Is 3019080733 prime?
False
Is 3618884593 composite?
True
Is 24176278487 prime?
False
Is 3889795879 a prime number?
True
Is 1606894381 composite?
False
Is 2813007181 composite?
False
Is 672425093 composite?
False
Is 11072488213 prime?
False
Is 1493405057 a prime number?
False
Is 869850721 prime?
True
Is 27014952347 composite?
False
Is 1209666431 a prime number?
True
Is 7359575549 a prime number?
True
Is 38547712873 a composite number?
False
Is 736231879 prime?
False
Is 55212378029 a prime number?
True
Is 6621649 a composite number?
False
Is 2613268738 a composite number?
True
Is 2335032211 a prime number?
True
Is 950289887 a composite number?
False
Is 2698833701 composite?
True
Is 115675569187 a composite number?
True
Is 2809482799 composite?
True
Is 514988263 composite?
False
Is 703719305 a composite number?
True
Is 13505150501 prime?
True
Is 5225795317 prime?
False
Is 836035241 composite?
True
Is 3485555581 prime?
True
Is 144395872163 a composite number?
True
Is 66518461613 a composite number?
True
Is 236009951 a composite number?
True
Is 6657114907 prime?
False
Is 10149284399 a prime number?
True
Is 4149351163 composite?
False
Is 31255882069 composite?
False
Is 274397681 prime?
False
Is 1327000333 composite?
False
Is 4901241361 a prime number?
True
Is 80169494343 composite?
True
Is 659347847 prime?
True
Is 933052573 a prime number?
False
Is 226053889 a composite number?
False
Is 363736937 prime?
False
Is 412280971 prime?
False
Is 4730674309 composite?
False
Is 1436277037 a prime number?
False
Is 888218857 prime?
False
Is 3444330731 prime?
False
Is 6048595669 a prime number?
False
Is 306143208863 a composite number?
True
Is 560442943 a prime number?
False
Is 39923544253 prime?
False
Is 83358183 composite?
True
Is 153669513197 a prime number?
True
Is 7934343227 a composite number?
False
Is 264547627 composite?
False
Is 257015293 composite?
False
Is 10407482999 a prime number?
False
Is 12342653731 composite?
True
Is 3384439235 a prime number?
False
Is 4657952569 a prime number?
False
Is 291439801 a prime number?
True
Is 319867391 composite?
False
Is 4977076465 composite?
True
Is 14286162029 a composite number?
True
Is 35962682501 a composite number?
False
Is 2503683023 composite?
False
Is 58038553 a prime number?
True
Is 88231999 prime?
True
Is 8711854491 composite?
True
Is 81978497 a prime number?
True
Is 23623077763 prime?
True
Is 6015725599 prime?
False
Is 28059049 composite?
False
Is 43449729319 a prime number?
True
Is 1076846801 a prime number?
True
Is 244831099 prime?
True
Is 537721091 composite?
False
Is 1675415849 composite?
False
Is 124059607739 prime?
True
Is 27115463 a prime number?
False
Is 859885183 prime?
True
Is 2264665457 composite?
True
Is 2603048191 a prime number?
True
Is 5878735301 a composite number?
True
Is 3128869949 composite?
False
Is 1428661747 a prime number?
True
Is 765224209 a prime number?
False
Is 178947929 prime?
True
Is 8207797393 composite?
False
Is 503517769 composite?
False
Is 2869727477 a composite number?
False
Is 1619217965 composite?
True
Is 16452725659 a prime number?
True
Is 33870583 prime?
False
Is 766209673 a prime number?
True
Is 366362203 prime?
True
Is 6543535907 composite?
False
Is 2398579269 a prime number?
False
Is 11539934669 a prime number?
False
Is 282530239 prime?
False
Is 1263877309 prime?
False
Is 45092051 a prime number?
True
Is 36740555171 composite?
True
Is 56734799 a prime number?
False
Is 620570773 a composite number?
False
Is 1157600767 a composite number?
True
Is 53097509643 prime?
False
Is 5409407083 composite?
True
Is 1961050057 a prime number?
True
Is 1187122747 prime?
True
Is 23891597069 prime?
True
Is 11202314911 composite?
False
Is 12429189778 composite?
True
Is 19014205831 a composite number?
True
Is 12809670677 composite?
False
Is 6828801337 prime?
True
Is 2262017861 a composite number?
False
Is 1115425033 prime?
False
Is 788207311 prime?
True
Is 1464938089 a prime number?
True
Is 5652373817 prime?
False
Is 8192569871 composite?
False
Is 3753856563 a prime number?
False
Is 37170576361 composite?
False
Is 3148195499 a composite number?
True
Is 1134664161 a prime number?
False
Is 6958983313 composite?
False
Is 11212612721 a prime number?
True
Is 594392899 prime?
True
Is 731946667 prime?
False
Is 601172839 a composite number?
True
Is 12019814083 a prime number?
True
Is 13193785579 a composite number?
True
Is 1639239254 prime?
False
Is 280266341 a prime number?
True
Is 361297463 a prime number?
False
Is 147673015991 a prime number?
True
Is 60923304997 a prime number?
True
Is 26290530403 composite?
True
Is 10355143 a prime number?
True
Is 31167180431 a composite number?
False
Is 7219663417 a prime number?
True
Is 195483611 composite?
False
Is 48284449147 composite?
True
Is 2541178127 a prime number?
False
Is 94861289 composite?
True
Is 16476606791 a prime number?
True
Is 8395242647 prime?
False
Is 2527057213 a prime number?
True
Is 20703442609 a composite number?
False
Is 151431941 composite?
True
Is 10634383777 prime?
True
Is 218230651489 composite?
True
Is 1712367803 composite?
True
Is 1184116919 composite?
True
Is 29371224166 a prime number?
False
Is 199853399 a prime number?
False
Is 896885531 a composite number?
False
Is 4623558431 composite?
False
Is 515440669 a composite number?
False
Is 9870126979 a composite number?
False
Is 59715563 prime?
True
Is 4417347595 a composite number?
True
Is 1801544891 a composite number?
False
Is 157453237 composite?
False
Is 275675505463 prime?
False
Is 38997836743 prime?
True
Is 12344029 prime?
False
Is 15551704241 prime?
True
Is 34647253961 composite?
True
Is 3750583191 prime?
False
Is 38518159 a composite number?
True
Is 1950210082 composite?
True
Is 59033747 prime?
True
Is 17555580971 composite?
False
Is 929963939 composite?
False
Is 15742978439 a composite number?
False
Is 6977748229 a prime number?
True
Is 120418027 composite?
False
Is 5657473273 a prime number?
False
Is 2589993793 composite?
False
Is 16802903031 prime?
False
Is 2312395583 composite?
False
Is 13800271579 composite?
True
Is 321241079 prime?
False
Is 200179391 a prime number?
True
Is 4855667009 prime?
False
Is 108406097 a composite number?
False
Is 624707731 a prime number?
False
Is 1697687153 a composite number?
False
Is 1154633033 composite?
True
Is 